f q.
43
Suppose -o + 3 + 6 = i, 20 = 5*i. Suppose -422 - 543 = -o*h. What are the prime factors of h?
193
Suppose 0 = -394*k + 12456436 - 2526060. List the prime factors of k.
2, 6301
Suppose -4*q - 3*y = -2*q - 1, -5*q - y + 9 = 0. Suppose 4*v - u + 171 = 9*v, 0 = -q*v + u + 74. List the prime factors of v.
5, 7
Let k be (-3*(-366)/(-18))/(-1 + 0). Suppose 0 = 52*j - k*j + 6822. List the prime factors of j.
2, 379
Suppose 135*z = 174*z + 209110 - 1022182. What are the prime factors of z?
2, 1303
Suppose 0 = 2*o + 3*x + 20, -5*x = 2*o - 0*o + 28. Let i(p) = 3*p**2 + 4*p - 4. Let w be i(o). Suppose -3*s + 11 = -w. List the prime factors of s.
13
Suppose a + 7 = 11. Let p be 153/12 - (-1)/a. Suppose -2*c + 5 - p = 0, -2*i - 2*c = -378. What are the prime factors of i?
193
Let s(h) = 6*h + 199. Let z be s(-32). Suppose -916 = -z*f + 141. List the prime factors of f.
151
Suppose -209*f + 322592 = -141*f. What are the prime factors of f?
2, 593
Suppose -12 = 3*o - 6*o, g - 4*o = 44. Let l = g - 19. Let s = 71 + l. What are the prime factors of s?
2, 7
Let k = -128 - -132. What are the prime factors of 210/(-24)*(3 - 19)/k?
5, 7
Let h = 60 + -59. Suppose 3*j - v - 15 = -h, 5*j + v = 10. Suppose -j*d + 92 = d. What are the prime factors of d?
23
Let n = 5249 - 2886. What are the prime factors of n?
17, 139
Let n(r) = 10*r**2 + 0*r + 10*r + 23 - 5 + 18. What are the prime factors of n(-7)?
2, 3, 19
Let i = -11 - -11. Suppose -16*o + 11*o + 910 = i. What are the prime factors of (o/13)/((-4)/(-22))?
7, 11
Suppose -2*h - 3*r = -12410, -3*h + 2*r + 19576 - 974 = 0. What are the prime factors of h?
2, 7, 443
Suppose -4*u = -12, -25*w = -20*w + 3*u - 142009. List the prime factors of w.
2, 5, 71
Suppose 0 = 7*v - 17*v + 60. What are the prime factors of 461 + (0 - v) - 6?
449
Let o = 266 + -262. Suppose -5*b = -4*c + 3772, -3*c + o*b = 211 - 3040. What are the prime factors of c?
23, 41
Let a be 107/4 + (-6)/(-168)*7. Let q(p) = a + 7*p - 8*p + 41. List the prime factors of q(0).
2, 17
Suppose 0 = 3*s - 5*h + 6, -s = -h + 3*h + 2. List the prime factors of (-18 - 12)*(-2)/(-8)*s.
3, 5
Let g(x) = -x**2 - 15*x + 8. Let l be g(-14). Suppose 36*m = l*m + 364. What are the prime factors of m?
2, 13
Let x = -3 + 0. Let c be (14/x)/(10/15). Let t(a) = -a**3 - 4*a**2 + 9*a - 5. What are the prime factors of t(c)?
79
Suppose 3*f + 121405 = 6*f + 5*a, -2*f + 80950 = 5*a. List the prime factors of f.
3, 5, 29, 31
What are the prime factors of 10/45 - (-3 - (-370300)/(-63))?
5881
Suppose -9*k + 42*k - 176121 = 0. List the prime factors of k.
3, 593
Suppose -2*f - f - 15 = 0. Let o be (-2)/40*-10*2. List the prime factors of o*49 + 7 + f.
3, 17
Let o = -292 - -736. What are the prime factors of 10 + o/(-42) - (-8446)/7?
2, 3, 67
Let w(q) = q**3 + 9*q**2 - 14*q - 40. Let x be w(-10). Suppose x = -8*m + 1612 - 132. List the prime factors of m.
5, 37
Let f be ((-60)/(-42) + -2)*-7. List the prime factors of 0 + (-12)/(-8) - (-2602)/f.
2, 163
Let c = 1037 - -2047. List the prime factors of c.
2, 3, 257
Let d(k) = -19*k**2 - 850*k + 15. What are the prime factors of d(-24)?
3, 7, 11, 41
Let o be 2 + (16/(-4) - -9) - 4. Suppose -o*v - 170 - 7 = 0. Let b = v + 260. What are the prime factors of b?
3, 67
Let u(v) be the third derivative of v**5/60 - v**4/12 - v**3/3 - 7*v**2. Let t be u(-9). Let z = t + -27. List the prime factors of z.
2, 5, 7
Let y(q) = 16 + q**2 + 10 - 8 - 12*q + 2*q. Let n be y(8). Suppose n*k = 238 - 34. List the prime factors of k.
2, 3, 17
Let p(d) = -d**2 - 13*d - 46. Let k be p(-5). Let f(a) = -a**3 - 6*a**2 - 5*a - 21. Let q be f(k). Suppose 803 = -q*r + 20*r. What are the prime factors of r?
73
What are the prime factors of (181070/(-950))/((-2)/130)?
13, 953
Let l be (-8659)/28 + 2/8. Let m = 74 - l. What are the prime factors of m?
383
List the prime factors of (304/(-133))/(48/(-255444)).
2, 3041
Let r(n) = 3519*n - 7867. What are the prime factors of r(8)?
5, 4057
Let d(c) = -1. Let f(p) = p + 11. Let x(g) = -2*d(g) + 2*f(g). Let j be x(-15). What are the prime factors of (-10)/(j + 4)*15?
3, 5
Let n(m) = m**3 - 19*m**2 - 42*m. Let l be n(21). Suppose 22*b - 23*b - 36 = l. Let v = b - -50. What are the prime factors of v?
2, 7
Let x = -16321 + 24242. List the prime factors of x.
89
Suppose -5*g + 3*u = -463, 0 = -g - 9*u + 4*u + 87. Let n = g + -85. Let l(c) = -c**3 + 9*c**2 - 4*c + 15. What are the prime factors of l(n)?
5, 17
Let b be (173/2)/(-1 - 12/(-8)). Suppose 808 + b = 3*h. What are the prime factors of h?
3, 109
Let c(k) = k**2 - 7. Suppose -8*l + 3 = 27. Let q be c(l). Suppose 3*f = -3*m + 315, q*f + 30 = -5*m + 246. List the prime factors of f.
103
Let a be ((-4)/(-5))/(((-18)/15)/(-6)). Suppose 21 = a*g + 13. Suppose -205 = -j - 3*h, 0*j + h + 438 = g*j. List the prime factors of j.
7, 31
Let b(w) = 4634*w**2 + 99*w - 99. List the prime factors of b(1).
2, 7, 331
Suppose 0 = 8*n + 425 - 2425. Suppose 3*w = -86 - n. List the prime factors of ((-45)/60)/(1/w).
2, 3, 7
Suppose -2*v - 3*q = -394, -2*v + 537 = -q + 127. What are the prime factors of v?
7, 29
Let k = 235 + -235. Suppose k = 6*w - 1493 - 1573. List the prime factors of w.
7, 73
Let o(f) = -f**3 + 14*f**2 + 16*f - 8. Let y be o(15). Let i be (1/(-2))/(y/(-14)). List the prime factors of (-14205)/(-90) + i/6.
2, 79
Let m = 3811 - 1983. What are the prime factors of m?
2, 457
Let c(p) = -139*p + 2. Let m be c(2). Suppose 4*j + 8*l = 4*l - 2304, 5*l + 10 = 0. Let a = m - j. List the prime factors of a.
2, 149
Let o(t) = 2*t**2 - 6*t + 12. Let r be o(-7). Suppose 525 = 7*l - 0*l. Let k = l + r. List the prime factors of k.
227
Suppose -21 + 5 = -8*h. Suppose -h*w = -4*w + 36. List the prime factors of 4/w + (-3 - (-3099)/27).
2, 7
Suppose -2*n + 17416 = 4*g, -146*g + 8716 = -144*g - 3*n. What are the prime factors of g?
5, 13, 67
Let g = -758 - -1128. Suppose 0 = -5*b + g - 100. Let d = b + -19. What are the prime factors of d?
5, 7
Let i = -2218 + 4913. List the prime factors of i.
5, 7, 11
Let h(c) = 349*c + 314. What are the prime factors of h(25)?
3, 23, 131
Let l be 6 - -12*8/(-16). Suppose -3*z + 3*c + 1185 = l, 5*z + 274 - 2234 = 2*c. List the prime factors of z.
2, 3, 5, 13
Suppose -20*r + 12728 = 3928. Suppose -2*u - 6 = 4*m, 5*u + 3*m = 9 - 3. Suppose -u*z = -346 - r. List the prime factors of z.
2, 131
Let d = 260 + -258. What are the prime factors of 753/(-3 + 2 + d)?
3, 251
What are the prime factors of 12/(-32) - ((-9665461)/312 - (-6)/(-18))?
13, 2383
Let n = -28 - -38. Let a = n - -6. Suppose -a = -w + 5*c, -4*w + 4*c = -8*w + 136. What are the prime factors of w?
31
Let b be (12/8)/(-4 + 15537/3882). Suppose -1760 = -3*t - b. What are the prime factors of t?
7, 53
What are the prime factors of ((-34970)/455)/((-3)/1134)?
2, 3, 269
Let q = -28 + 31. Let s(l) = -2 - 2*l**2 + 0 - 2*l**2 + q*l**3. What are the prime factors of s(3)?
43
Let v(g) = 65*g - 19. Let x(j) = 15*j**3 - 7*j**2 + 7*j - 1. Let d be x(1). What are the prime factors of v(d)?
3, 11
List the prime factors of 3979*2 + -8 + -5 + 10.
5, 37, 43
Let h(g) = 68*g - 259. Let f(u) = -u**2 - 12*u - 14. Let l be f(-8). What are the prime factors of h(l)?
5, 193
Suppose -a - 47 = -2*b - 267, -2*b + 652 = 3*a. Suppose 5*l - 4*t = a, -l = -2*t - 40 - 0. List the prime factors of l.
2, 23
Suppose -3*g = -5*r - 29, 2*g = 2*r + 3*r + 26. Let h be (-5 + (-67)/(-3))*21. Suppose g*n = -46 + h. List the prime factors of n.
2, 53
Let r(v) = -7*v**2 + 43*v - 12. Let q be r(6). List the prime factors of 44 + 3 - (0 + q + 5).
2, 3
Let x(s) = 4*s**2 + 5*s - 33. Let o(z) = -4*z - 12. Let n be o(-5). What are the prime factors of x(n)?
263
Let k = 161 - 159. Suppose 0*m - 4*m = -4*q + 3132, k*q = -3*m + 1586. List the prime factors of q.
787
Suppose 0*p - 6935 = -4*n + p + 48001, 0 = 5*p. List the prime factors of n.
2, 3, 7, 109
Suppose 28 = 3*t - t + n, 3*n - 72 = -5*t. Suppose 10*o = t*o - 56. Suppose s - 3 - o = -5*a, -4*s + 2*a + 102 = 0. What are the prime factors of s?
2, 13
Suppose 15*k - 1652 - 151721 = 6617. What are the prime factors of k?
2, 5333
Let v(f) = -105*f**3 - 17*f**2 - 41*f - 7. What are the prime factors of v(-3)?
2, 1399
Suppose -432*d + 1524432 + 11972112 = 0. List the prime factors of d.
2, 3,